ctor of 2348560?
False
Is 1552023 a multiple of 771?
True
Is 1986674 a multiple of 28?
False
Does 275 divide 849138?
False
Does 2 divide 119476?
True
Is 37 a factor of 338067?
False
Is 9 a factor of 445905?
True
Is 17172 a multiple of 2?
True
Is 6 a factor of 1992226?
False
Is 122159 a multiple of 151?
True
Does 160 divide 59154?
False
Does 160 divide 14294880?
True
Does 39 divide 29328?
True
Is 589 a factor of 430195?
False
Does 505 divide 1439250?
True
Is 746 a factor of 1675516?
True
Does 42 divide 2792621?
False
Does 21 divide 11847944?
False
Does 10 divide 3351219?
False
Does 20 divide 2080660?
True
Does 129 divide 192339?
True
Is 695522 a multiple of 36?
False
Does 539 divide 1690843?
True
Does 8 divide 247879?
False
Is 212 a factor of 80772?
True
Does 16 divide 337264?
True
Is 1049 a factor of 10701898?
True
Is 23298660 a multiple of 17?
False
Is 298140 a multiple of 20?
True
Is 27 a factor of 295989?
False
Is 45192 a multiple of 21?
True
Is 209 a factor of 280674?
False
Does 24 divide 172272?
True
Is 15 a factor of 262186?
False
Does 22 divide 577969?
False
Is 475 a factor of 269926?
False
Is 566528 a multiple of 13?
False
Is 3274350 a multiple of 789?
True
Is 539 a factor of 595825?
False
Is 111 a factor of 41080?
False
Does 99 divide 619062?
False
Is 24 a factor of 24456?
True
Does 64 divide 5952?
True
Does 129 divide 3537438?
True
Is 324114 a multiple of 12?
False
Is 2910242 a multiple of 6?
False
Does 48 divide 21615039?
False
Does 235 divide 70955?
False
Is 2 a factor of 108262?
True
Does 18 divide 3284695?
False
Is 4237250 a multiple of 34?
True
Is 521 a factor of 33865?
True
Is 23 a factor of 725489?
True
Does 232 divide 150063?
False
Does 21 divide 1002309?
True
Does 11 divide 424611?
True
Does 92 divide 28796?
True
Is 1195 a factor of 15689970?
False
Does 3 divide 1395798?
True
Is 81426 a multiple of 19?
False
Does 47 divide 151172?
False
Is 388 a factor of 340276?
True
Is 66 a factor of 174702?
True
Does 20 divide 1069480?
True
Is 1596972 a multiple of 6?
True
Is 61 a factor of 935315?
False
Is 23 a factor of 155908?
False
Is 31362 a multiple of 6?
True
Is 16 a factor of 216568?
False
Is 81 a factor of 100690?
False
Does 198 divide 11352726?
True
Does 457 divide 434607?
True
Is 914 a factor of 581320?
False
Is 107 a factor of 574650?
False
Does 54 divide 361513?
False
Is 11 a factor of 87384?
True
Does 38 divide 104918?
True
Is 2785819 a multiple of 4?
False
Is 44240 a multiple of 4?
True
Is 118807 a multiple of 13?
True
Is 3541866 a multiple of 24?
False
Does 271 divide 350403?
True
Does 76 divide 285682?
False
Is 111 a factor of 1096680?
True
Is 2689960 a multiple of 140?
True
Is 8601472 a multiple of 44?
True
Is 1954650 a multiple of 150?
True
Is 13 a factor of 776815?
True
Does 98 divide 4190970?
True
Is 5 a factor of 4785?
True
Is 1028520 a multiple of 263?
False
Does 89 divide 96055?
False
Is 73624 a multiple of 8?
True
Is 1315353 a multiple of 87?
True
Is 3122973 a multiple of 3?
True
Does 167 divide 96615?
False
Is 2794728 a multiple of 12?
True
Is 72 a factor of 221742?
False
Does 23 divide 17283406?
False
Is 27376 a multiple of 10?
False
Is 30246 a multiple of 10?
False
Is 6 a factor of 86814?
True
Is 178 a factor of 9495062?
False
Is 12776 a multiple of 229?
False
Is 299613 a multiple of 60?
False
Is 96186 a multiple of 46?
True
Is 890592 a multiple of 77?
False
Does 9 divide 238245?
False
Does 23 divide 179377?
True
Is 309 a factor of 2987412?
True
Does 752 divide 1628832?
True
Does 8 divide 776773?
False
Is 14 a factor of 287758?
False
Does 58 divide 259440?
False
Is 36 a factor of 308484?
True
Does 352 divide 125664?
True
Is 14 a factor of 85120?
True
Is 1870841 a multiple of 3?
False
Is 539134 a multiple of 18?
False
Is 938872 a multiple of 6?
False
Is 443740 a multiple of 220?
True
Does 502 divide 134273?
False
Is 42549 a multiple of 94?
False
Is 239 a factor of 1886473?
False
Is 51 a factor of 159579?
True
Is 1333453 a multiple of 241?
True
Is 5572887 a multiple of 172?
False
Does 94 divide 440136?
False
Is 90 a factor of 959374?
False
Is 278928 a multiple of 26?
True
Is 1437848 a multiple of 32?
False
Does 21 divide 3819?
False
Is 436 a factor of 265620?
False
Is 18 a factor of 60264?
True
Is 6556739 a multiple of 11?
False
Does 73 divide 132130?
True
Is 10509812 a multiple of 473?
False
Is 11 a factor of 13764?
False
Is 464223 even?
False
Is 6 a factor of 4050756?
True
Is 2417417 a multiple of 33?
False
Does 19 divide 19933394?
True
Does 36 divide 56916?
True
Is 15 a factor of 714060?
True
Does 9 divide 568343?
False
Is 306 a factor of 59058?
True
Is 68 a factor of 695336?
False
Does 104 divide 1372859?
False
Is 42 a factor of 60816?
True
Is 18 a factor of 1488672?
True
Is 3271800 a multiple of 1596?
True
Does 39 divide 24180?
True
Is 30770964 a multiple of 483?
True
Is 5819476 a multiple of 52?
True
Is 176547 a multiple of 11?
False
Is 5956261 a multiple of 47?
False
Does 374 divide 8388820?
True
Is 78 a factor of 169969?
False
Is 41 a factor of 133783?
True
Does 2 divide 443?
False
Is 20 a factor of 105920?
True
Is 2625354 a multiple of 28?
False
Does 11 divide 641462?
False
Is 995039 a multiple of 296?
False
Is 103 a factor of 17613?
True
Is 3 a factor of 183557?
False
Is 122 a factor of 1510488?
False
Does 18 divide 4175334?
True
Does 189 divide 772151?
False
Does 235 divide 12560370?
False
Does 185 divide 128575?
True
Is 50490 a multiple of 30?
True
Does 633 divide 2685819?
True
Is 235 a factor of 296772?
False
Does 310 divide 2843630?
True
Does 77 divide 1200507?
True
Is 757035 a multiple of 45?
True
Is 72 a factor of 3415497?
False
Is 9 a factor of 1709226?
True
Does 36 divide 1138447?
False
Does 86 divide 11576288?
True
Is 1193976 a multiple of 6?
True
Does 10 divide 6140200?
True
Is 16 a factor of 332615?
False
Is 492544 a multiple of 208?
True
Is 152894 a multiple of 14?
True
Is 522 a factor of 9328008?
False
Is 13248179 a multiple of 546?
False
Is 225454 a multiple of 27?
False
Is 1413208 a multiple of 901?
False
Is 64 a factor of 686528?
True
Is 695898 a multiple of 294?
True
Is 3120061 a multiple of 1225?
False
Is 80986 a multiple of 665?
False
Does 17 divide 8398?
True
Is 3837353 a multiple of 30?
False
Does 191 divide 139611?
False
Is 2134527 a multiple of 34?
False
Is 40 a factor of 2796760?
True
Does 8 divide 430688?
True
Does 3 divide 73126?
False
Does 278 divide 1679812?
False
Is 352 a factor of 17826658?
False
Is 1290376 a multiple of 808?
True
Is 72 a factor of 734400?
True
Does 247 divide 1858181?
True
Does 22 divide 1404446?
False
Does 13 divide 22594?
True
Does 548 divide 296468?
True
Does 20 divide 2984200?
True
Is 22 a factor of 1255760?
True
Does 8 divide 2069544?
True
Is 76 a factor of 1041200?
True
Is 8890097 a multiple of 346?
False
Is 2676546 a multiple of 3?
True
Is 34 a factor of 109941?
False
Is 422613 a multiple of 5?
False
Does 185 divide 510511?
False
Is 229296 a multiple of 204?
True
Is 404294 a multiple of 430?
False
Is 899 a factor of 162757?
False
Is 8 a factor of 5176836?
False
Is 16 a factor of 425048?
False
Is 2657004 a multiple of 28?
True
Does 9 divide 761976?
True
Is 4 a factor of 1778280?
True
Does 38 divide 187112?
True
Is 39348 a multiple of 9?
True
Is 865152 a multiple of 96?
True
Does 25 divide 546092?
False
Is 33 a factor of 1571501?
False
Does 34 divide 119829?
False
Does 13 divide 1172262?
True
Is 19427199 a multiple of 321?
False
Is 2296297 a multiple of 1089?
False
Is 28 a factor of 445788?
True
Is 956590 a multiple of 331?
True
Is 34648 a multiple of 18?
False
Does 250 divide 1936548?
False
Is 33140 a multiple of 20?
True
Is 25 a factor of 5856888?
False
Is 18 a factor of 1134756?
True
Does 462 divide 717650?
False
Does 7 divide 522130?
True
Is 68 a factor of 4755912?
False
Does 9 divide 325752?
False
Is 671184 a multiple of 236?
True
Is 320505 a multiple of 23?
True
Does 260 divide 1272960?
True
Is 674 a factor of 973930?
True
Is 10 a factor of 2987633?
False
Is 19 a factor of 4703811?
True
Is 3212443 a multiple of 98?
False
Is 397 a factor of 1845653?
True
Is 5124 a multiple of 366?
True
Is 34320 a multiple of 22?
True
Is 254 a factor of 17303944?
False
Is 170 a factor of 318487?
False
Is 853956 a multiple of 69?
False
Is 29376 a multiple of 1